14. What is the hundreds digit of x?
1
Let w = -23 - -30. Let u(l) = 2*l**2 - 8*l + 2. Let j be u(w). Suppose -34 = -2*f + j. What is the tens digit of f?
3
Suppose -12 - 4 = 4*z. Let y be (1/(-3 - z))/(-1). Let j = y + 7. What is the units digit of j?
6
Let x be 4/3 + (-2)/(-3). Suppose -2*c - 334 = -2*k, 2*k + c = 67 + 261. Suppose -k = -x*o - 3*o. What is the tens digit of o?
3
Suppose j + 3443 + 3233 = 5*r, 0 = 4*r - j - 5340. What is the units digit of r?
6
Let p = 572 - 17. What is the units digit of p?
5
Let u(z) = 603*z**2 - 18*z + 72. What is the tens digit of u(3)?
4
Suppose 0 = u + 7 + 9. Let p be u/(-28)*(-14)/(-4). Suppose -p*y - 38 = -5*y + o, 2 = 2*y + 4*o. What is the units digit of y?
1
Suppose -14 = -5*w + 6. Suppose w*o - 47 = -11. Let t = 49 - o. What is the units digit of t?
0
Suppose -24*n - 9065 = -33713. What is the units digit of n?
7
Suppose 4*f + 6*p = 5*p + 35, 5*p = -2*f + 31. What is the tens digit of (-7)/(-28) + (12474/f)/7?
2
Suppose 0 = -5*f + 12*f + 476. What is the tens digit of 10/35*7 + f/(-2)?
3
Let i(d) = -d**2 + d + 7. Let k(h) = h**2 + 2*h - 2. Let m be k(2). Let v be i(m). Let u = 40 + v. What is the tens digit of u?
1
Let q(w) be the second derivative of w**4/12 + 13*w**3/6 + 6*w**2 + 28*w. What is the hundreds digit of q(9)?
2
Suppose -42693 = -35*g + 134687. What is the tens digit of g?
6
Let p be ((-1)/(-2))/(1/1158). Let f be (-3)/(-6) + p/6. Suppose 5*u = f + 183. What is the units digit of u?
6
Let g = -3500 - -5087. What is the tens digit of g?
8
Suppose 25*n = 3*n + 33198. What is the tens digit of n?
0
Suppose -2*h = b - 3 - 18, -24 = -2*h + 2*b. Let u = h - 3. Suppose -4*v + u*v - 20 = 0. What is the units digit of v?
5
Suppose -3*j + 45 = 189. Let s = 93 + j. What is the tens digit of s?
4
Suppose 0 = 4*v - 1670 - 1198. What is the hundreds digit of v?
7
Suppose 2*y - 750 = -220. Suppose 2*x + 67 = m, -x + y = 5*m - 26. What is the units digit of m?
9
Suppose 6*v = 639 + 225. What is the hundreds digit of v?
1
Let d be (-3)/6 + 657/6. Suppose -4*s + 91 = -d. Suppose -t = -s + 4. What is the tens digit of t?
4
Let w be -1*((-32)/(-3) - (-22)/(-33)). Let c = 11 - 66. What is the tens digit of 409/11 - w/c?
3
Let z(r) = -5*r**2 - 5*r. Let i(s) = -4*s**2 - 5*s. Let j(x) = 6*i(x) - 5*z(x). Let n be j(6). What is the tens digit of n/(-51) + 5622/102?
5
Suppose 4*t - 497 = 4103. Suppose -15*j + t = -5*j. What is the tens digit of j?
1
Let j be (-37)/(4 + -3 - 2). Let l = j - 14. What is the units digit of l?
3
Let p(j) = -j**3 - 43*j**2 + 12*j - 138. What is the units digit of p(-44)?
0
Let f(z) = 2 + 2 + 5 - 15*z**2 - 3*z**3 + 3*z. What is the units digit of f(-7)?
2
Let j(m) = 5 - 4 + 4*m + 2. Let x be j(-3). Let d = 10 + x. What is the units digit of d?
1
Let x = 2621 + 1502. What is the hundreds digit of x?
1
Let j(z) = 2*z**2 + 27*z + 15. Let d be j(-13). Suppose 2*c + 7*u - 57 = 2*u, -5*c + 215 = -d*u. What is the tens digit of c?
4
What is the hundreds digit of 338/(-5)*(-53 + 43)?
6
Let c = 3691 - 398. What is the thousands digit of c?
3
Let p = 54 - 54. Suppose p = l + 5*y - 41, 0 = 5*l - 0*l + 4*y - 205. What is the tens digit of l?
4
Let d(w) = -w**3 - 2*w**2 + w + 5. Suppose v + m + 0*m = -3, v - 5*m + 9 = 0. What is the tens digit of d(v)?
3
Let u be (-2 - (-5 + 0)) + -92. Let y = -46 - u. What is the units digit of y?
3
Let q(s) = -8*s - 13*s + 37*s + 6 - 13*s. What is the units digit of q(6)?
4
Let h(g) = -204*g - 687. What is the units digit of h(-20)?
3
Suppose 7*t = 3*t + 540. Suppose 6*q + o = q + t, 0 = q - o - 27. Suppose s - q = -15. What is the tens digit of s?
1
Let i(o) = o**2 + 6*o + 10. Let h be i(-4). What is the units digit of (-1)/h*51*(-132)/18?
7
Suppose 4*t - 2*w = 10362, 0*w + 15 = 5*w. What is the hundreds digit of t?
5
Suppose 37*g - 35*g = 36. What is the hundreds digit of 3210/g + (-2)/6*1?
1
Suppose 0 = -n + 16 + 1. Suppose 19*s - n*s - 310 = 0. What is the tens digit of s?
5
Suppose 3*h = 8*h - 675. Suppose 3*o - 223 = -5*t - 84, 5*t - h = -5*o. What is the tens digit of t?
2
Suppose -u = -4*u + 60. Let s = u - 25. Let n(q) = -q**3 - 4*q**2 - 3*q - 8. What is the tens digit of n(s)?
3
Suppose 0 = -3*j - c + 226, -j - c = 3*j - 300. Suppose -3*k = -3, -5*y + 4*k = -4*y - j. What is the units digit of y?
8
Let y be -3*(-104)/((-8)/2). Let f = y - -133. Let l = f - 32. What is the tens digit of l?
2
Let a = 250 + -165. What is the units digit of a?
5
Suppose -2*b + 5*m + 20 = 8, 5*m = -3*b - 7. Let v be (-18)/2 + b/(-1). Let a = v - -15. What is the units digit of a?
5
Let p(z) = -11*z**2 - z. Let b be p(1). Let n = -8 - b. Suppose -4*j + 17 = -y - 16, n*j + 4*y - 8 = 0. What is the units digit of j?
7
Suppose -4*a + 1431 = 5*a. Suppose 4*o - o - a = -3*f, -o + 3*f = -73. What is the units digit of o?
8
Suppose -2*x = 2*v + 80, 3*x + v = 3*v - 100. What is the tens digit of (x/(-7))/(19/133)?
3
Let v be (-24)/(-36) + ((-2978)/(-6) - 2). Suppose 7*t = 2*t + v. What is the tens digit of t?
9
Let s(l) = -23*l + 8. Let a be s(-6). Let b = a - 74. What is the tens digit of b?
7
Let p be ((-236)/(-10))/(4/10). Let m = 235 - p. What is the units digit of m?
6
Let y = 7 - -2. Let m(q) = -5*q**2 + q**2 + y*q**2 - 7 + 12*q - q**3. What is the units digit of m(6)?
9
Suppose -4*m = -9*m - 30. Let y = -2 - m. Suppose 2*h = 52 + y. What is the tens digit of h?
2
Let h(l) = 10*l**3 - 2*l**2 + l. Let b be h(1). Suppose 2*g + b = 5*g. What is the units digit of ((0 - 0) + g)*5?
5
Let s(p) = 2*p**2 + 4*p + 9. Let c be s(-4). Suppose 91 + c = g. What is the units digit of g?
6
Let u = 1 - -313. What is the units digit of u?
4
Let d(m) = 2*m**3 + 7*m**2 - 6*m. Let j(x) = -3*x**3 - 15*x**2 + 11*x. Let n(s) = -5*d(s) - 3*j(s). What is the units digit of n(4)?
4
Let u be (-96)/(-15) - 2/5. Suppose u*q + 34 = -104. Let v = -2 - q. What is the tens digit of v?
2
Let m be 0/(1/5*5). Let u = m - -50. What is the units digit of u?
0
Let z = -435 - -874. What is the tens digit of z?
3
Let t = -8 - -68. Suppose -63*x + t*x = -621. What is the hundreds digit of x?
2
Let j(z) = 21*z - 4. Let v(c) = c**3 + 10*c**2 - 10*c + 19. Let f be v(-11). What is the tens digit of j(f)?
6
Let a = -258 + 125. Let r = a + 231. What is the tens digit of r?
9
Let y = -578 + 886. What is the hundreds digit of y?
3
Let m(l) = 18*l**2 - 2*l + 1. Let s be m(1). Let q(a) = -a**2 + 19*a - 24. What is the units digit of q(s)?
0
Let q be 1/3 - (-552)/(-36). Let s = 15 + q. Suppose 4*b + 0*b - 216 = s. What is the units digit of b?
4
Suppose -19*c - 1229 = -2*y - 18*c, 2459 = 4*y - 3*c. What is the tens digit of y?
1
Let x(i) = -i**3 + 16*i**2 + 7*i + 13. Suppose -2*z + 2*l = -26, 6 = 2*z + l - 29. What is the units digit of x(z)?
5
Suppose 0 = 3*n + 2*m - 1193, 12*n - 386 = 11*n - 3*m. What is the units digit of n?
1
Suppose 1016*k - 4137 = 1009*k. What is the units digit of k?
1
Let o = -92 - -37. What is the tens digit of (-10)/o + (-1294)/(-22)?
5
Let g = 2627 - 587. What is the tens digit of g?
4
Let k(n) = 64*n - 72. What is the units digit of k(8)?
0
What is the tens digit of -30*40/(-16) - -9?
8
Suppose 0 = -11*w + 3*w + 24. What is the units digit of 87/(4 - w) - (-1 + 0)?
8
Let p = -1647 - -3808. What is the units digit of p?
1
Let q(l) = l**2 - 6*l + 7. Let b be q(5). Let u be 20/10*(-1)/b. What is the units digit of -2 + u + (-36)/(-3)?
9
Let j = -188 - -370. Let t = j - 117. What is the tens digit of t?
6
Suppose 238*c + 8715 = 245*c. What is the hundreds digit of c?
2
Let i be (-8)/3*12/8*-1. Suppose 5*z + p - 634 = 0, i*z - 461 - 49 = 2*p. What is the hundreds digit of z?
1
Suppose 11*t = 13*t - 26. Let q = t + 35. What is the tens digit of q?
4
Suppose 10*x - 1409 - 741 = 0. What is the tens digit of x?
1
Let j(p) = -p**2 - 9*p - 19. Let d(q) = q + 2. Let i be d(-8). Let k be j(i). What is the tens digit of 0*(k - -2) - -21?
2
Suppose 8058 = 18*r - 21498. What is the hundreds digit of r?
6
Let x be 4/(-30) - (-8)/60. Suppose x = -0*w - w. What is the units digit of w/(-1) - 2/(-1)?
2
Suppose 616 = -8*y + 3680. What is the tens digit of y?
8
Suppose 0*t - 5*t + 10 = 0, 2*v + 54 = 3*t. What is the units digit of v/15*(-100)/8?
0
Let u be (-3)/6 + (-20)/(-8). Suppose -2*x + 192 = u*x. What is the un